ctor of 644 and 1624.
28
What is the highest common factor of 464 and 28611168?
464
What is the greatest common factor of 70 and 3098690?
70
What is the highest common divisor of 1488 and 10013?
31
What is the greatest common factor of 1075 and 500?
25
What is the highest common divisor of 14 and 2527?
7
Calculate the greatest common divisor of 3176 and 65902.
794
Calculate the highest common divisor of 636 and 168.
12
What is the greatest common divisor of 111 and 96?
3
Calculate the greatest common factor of 8 and 1562312.
8
What is the greatest common factor of 21684 and 1404?
156
Calculate the greatest common factor of 53469 and 91.
13
Calculate the greatest common divisor of 614607 and 1323.
147
Calculate the highest common divisor of 7387732 and 836.
836
What is the greatest common divisor of 51688 and 16?
8
What is the highest common divisor of 1700 and 1850?
50
What is the highest common divisor of 980 and 1202705?
245
What is the greatest common factor of 7479 and 135?
27
What is the highest common divisor of 9224 and 56?
8
Calculate the highest common factor of 5752 and 1512.
8
Calculate the greatest common divisor of 2610 and 3378906.
522
What is the greatest common factor of 7744 and 264?
88
What is the highest common factor of 5068 and 252?
28
Calculate the greatest common factor of 102414 and 78.
78
What is the greatest common divisor of 138 and 354039?
69
Calculate the highest common divisor of 71543 and 87.
29
What is the greatest common factor of 69689 and 1816?
227
What is the highest common factor of 272504 and 184?
184
Calculate the highest common divisor of 87372 and 2376.
108
What is the highest common divisor of 86798 and 6?
2
What is the greatest common factor of 3805926 and 102?
102
What is the greatest common divisor of 5360118 and 834?
834
Calculate the highest common factor of 12505 and 24400.
305
What is the highest common factor of 98376 and 48?
24
What is the greatest common divisor of 1718690 and 90?
10
What is the greatest common factor of 68001 and 114?
57
Calculate the highest common factor of 46 and 154675.
23
What is the highest common factor of 8103 and 2072?
37
What is the highest common factor of 10 and 517?
1
What is the greatest common factor of 7560 and 3180?
60
What is the highest common divisor of 3377 and 1397?
11
What is the highest common divisor of 660 and 627?
33
Calculate the greatest common divisor of 11189 and 2077.
67
Calculate the highest common factor of 1102 and 2146.
58
What is the highest common factor of 764 and 1249331?
191
Calculate the highest common divisor of 60 and 54920.
20
What is the highest common factor of 1267 and 1991?
181
Calculate the highest common divisor of 14 and 262402.
14
What is the greatest common divisor of 974638 and 1204?
602
What is the greatest common factor of 100 and 3115150?
50
What is the greatest common divisor of 10 and 5267310?
10
Calculate the highest common factor of 602634 and 423.
141
Calculate the highest common divisor of 52402 and 1330.
266
Calculate the highest common factor of 264 and 41646.
66
Calculate the greatest common divisor of 133242 and 1272.
318
What is the highest common factor of 1024 and 3392?
64
Calculate the highest common divisor of 44757 and 21.
3
What is the highest common divisor of 204323 and 1414?
707
What is the highest common divisor of 212 and 196842?
106
What is the greatest common divisor of 11540 and 102129?
577
What is the greatest common divisor of 18357 and 261?
87
Calculate the highest common divisor of 272 and 48382.
34
What is the highest common factor of 270 and 3405?
15
Calculate the greatest common factor of 342 and 26847.
171
Calculate the highest common factor of 24906 and 161.
7
What is the greatest common divisor of 18786 and 591?
3
What is the highest common divisor of 799 and 24957?
47
What is the greatest common factor of 6 and 489640?
2
What is the greatest common factor of 103666 and 3587?
17
What is the greatest common divisor of 102 and 37162?
34
Calculate the highest common divisor of 9792 and 171972.
612
What is the highest common factor of 175362 and 561?
33
What is the greatest common divisor of 134 and 1489477?
67
Calculate the highest common factor of 1225 and 92330.
35
Calculate the highest common divisor of 91891 and 43.
43
What is the highest common divisor of 17061 and 3337?
47
What is the greatest common divisor of 377 and 481?
13
Calculate the highest common divisor of 7866 and 552.
138
Calculate the highest common factor of 13676 and 8416.
1052
Calculate the highest common divisor of 131279 and 213.
71
Calculate the greatest common divisor of 231583 and 1184.
37
Calculate the greatest common divisor of 6425 and 6145.
5
Calculate the highest common factor of 81577 and 3395.
97
What is the highest common divisor of 24015 and 1335?
15
What is the greatest common factor of 330 and 1364110?
110
What is the highest common divisor of 91675 and 193?
193
Calculate the greatest common factor of 50 and 82325.
25
What is the greatest common factor of 145 and 5720540?
145
Calculate the greatest common factor of 172 and 147576.
172
What is the greatest common divisor of 25 and 863?
1
What is the highest common divisor of 60 and 4384350?
30
Calculate the highest common divisor of 79 and 387653.
79
Calculate the highest common factor of 3360 and 111840.
480
Calculate the greatest common factor of 311265 and 285.
15
What is the highest common factor of 3345818 and 98?
98
Calculate the highest common factor of 361206 and 27.
27
What is the greatest common divisor of 152768 and 14?
14
What is the greatest common factor of 606050 and 1725?
575
What is the greatest common divisor of 754 and 3939?
13
Calculate the highest common divisor of 1084 and 2981.
271
Calculate the highest common factor of 72 and 1551192.
24
Calculate the greatest common divisor of 82 and 211847.
41
What is the highest common divisor of 1043393 and 1079?
1079
What is the highest common divisor of 6960 and 300?
60
What is the greatest common divisor of 44433 and 63?
9
Calculate the highest common factor of 91418 and 129.
43
Calculate the highest common factor of 19352 and 95344.
472
What is the highest common factor of 655 and 86329?
131
What is the highest common factor of 19383 and 12141?
213
Calculate the highest common divisor of 29 and 1436950.
29
Calculate the greatest common divisor of 1691 and 80011.
89
Calculate the greatest common factor of 7 and 1310351.
7
Calculate the greatest common divisor of 479173 and 212.
53
Calculate the greatest common factor of 3555 and 5145.
15
What is the highest common divisor of 12 and 6712?
4
Calculate the highest common factor of 10362 and 1254.
66
Calculate the highest common factor of 821008 and 184.
184
What is the greatest common divisor of 38587 and 94?
47
What is the greatest common divisor of 4397347 and 23?
23
Calculate the highest common divisor of 26840 and 330.
110
What is the greatest common divisor of 21915 and 495?
45
Calculate the highest common factor of 5543 and 1357.
23
What is the greatest common divisor of 3 and 360579?
3
Calculate the greatest common factor of 104 and 11687.
13
What is the greatest common divisor of 360140 and 385?
55
What is the greatest common factor of 1933243 and 13?
13
Calculate the greatest common divisor of 36 and 788094.
18
Calculate the highest common divisor of 4247 and 107198.
31
What is the greatest common divisor of 2607850 and 350?
350
What is the greatest common divisor of 24432 and 96?
48
Calculate the highest common divisor of 20886 and 126.
6
Calculate the greatest common divisor of 1764 and 868.
28
What is the highest common factor of 43515 and 1665?
45
Calculate the highest common divisor of 20 and 6250.
10
Calculate the greatest common divisor of 9891 and 84.
21
What is the greatest common divisor of 474 and 116446?
158
Calculate the greatest common divisor of 2792 and 2152.
8
What is the highest common factor of 2020106 and 22?
22
What is the highest common factor of 144309 and 55?
11
Calculate the highest common divisor of 70530 and 6.
6
What is the highest common factor of 140 and 465780?
140
Calculate the highest common factor of 62 and 703390.
62
What is the greatest common divisor of 48152 and 78?
26
What is the highest